+ 1 = 0. What is the remainder when 2 + 14 - a - -3 is divided by 10?
8
Let c = 454 - 259. Calculate the remainder when c is divided by 11.
8
Let p = -34 - -40. Let d = 5 - 3. What is the remainder when p is divided by d?
0
Let f(c) = 4*c**2 - 25*c + 67. Calculate the remainder when 82 is divided by f(5).
40
Suppose -o + 2*k = -133, -k = o - 58 - 60. Suppose -69 = -3*x + o. What is the remainder when x is divided by 22?
20
Let w(a) = -10*a - 333. Calculate the remainder when 50 is divided by w(-37).
13
Suppose -3*j - 479 = -2*h, -4*h = -6*h - 5*j + 487. Calculate the remainder when h is divided by 38.
13
Let g(r) = 2*r**2 - 38*r - 82. What is the remainder when -2*(-2)/(-2) - -10 is divided by g(21)?
0
Let m(w) = w**3 + 6*w**2 - 11*w - 51. Let c be m(-6). Suppose -t = 3*y - 24, c = t - 2*y - 9. What is the remainder when 88 is divided by t?
16
What is the remainder when 303 is divided by (-83 - 2)*(4 - 154/35)?
31
Let h = -30 - -48. Let v(p) = p**2 + 10*p - 2. Let n be v(-13). Let y = n - h. Calculate the remainder when y is divided by 4.
3
Suppose 5*x - 15 - 10 = 0. Suppose 5*i - 3*h = h + 27, -x*h = 5*i. What is the remainder when i is divided by 3?
0
Let t be ((-60)/28 - -3)*7. Suppose -2*v + 8 = 4. What is the remainder when (-2)/(-4) + (45/t)/3 is divided by v?
1
Let s = 3 - 1. Let v be (-3 + 2)/((-7)/217). Calculate the remainder when v/7 - 6/14 is divided by s.
0
Let k(c) = c + 4. What is the remainder when 39 is divided by k(16)?
19
Suppose -2*d + 44 + 12 = 0. Suppose 5*t + 2*c = -56 - 2, 3*t - 2*c = -38. Let h = t - -22. What is the remainder when d is divided by h?
8
Suppose 20*u - 1575 = -u. What is the remainder when u is divided by 7?
5
Suppose 0 = -f - 4*y + 169, -4*y - 114 = 3*f - 613. Calculate the remainder when f is divided by 29.
20
Suppose -20 = -4*x - x. Suppose -l = w - 1, l + x*w = 4*l - 17. Suppose 5*c - 3*v = 232, -2*v = c + l*c - 190. What is the remainder when c is divided by 24?
23
Let g(x) = -x**3 - 5*x**2 - 3*x + 2. Let f be g(-4). Let d(r) = 2*r + 44. Let s be d(-21). Calculate the remainder when 2/s + 68 - f is divided by 24.
23
Suppose z - 34 = -3*g, -19*g + 23*g = 5*z - 265. Calculate the remainder when z is divided by 20.
9
Suppose 5*s - 30 = -2*r, 0 = -4*s - 0*s + 2*r + 24. Suppose 0 = -s*a - 7*a + 416. Calculate the remainder when 221 is divided by a.
29
Suppose -14 = -6*j + 10. Suppose -j*s = -0*s - 96. What is the remainder when 67 is divided by s?
19
Suppose 31*a - 250 - 277 = 0. What is the remainder when 41 is divided by a?
7
Suppose 3*j = 48 - 30. What is the remainder when 57 is divided by j?
3
Suppose 114*j - 107*j - 840 = 0. What is the remainder when j is divided by 41?
38
What is the remainder when 14 is divided by (-1 - 10/4)*(-24)/14?
2
Calculate the remainder when (69/(-6) - -2)/((-22)/572) is divided by 66.
49
Let p(y) = y**3 + 14*y**2 + 11*y - 15. Let j be p(-13). Suppose -2*o = -c + 2*o + j, c - 11 = -2*o. Calculate the remainder when c is divided by 4.
3
Let t(q) = 7*q + 45. Let h(d) = 13*d + 90. Let f(x) = 6*h(x) - 11*t(x). Let z be f(0). Suppose z = 4*y - 111. Calculate the remainder when y is divided by 8.
7
Suppose 0*t - 2*y + 73 = 3*t, -y = 4. Suppose 4*d + 106 = 3*c, -4*d = 4*c - 40 - 148. Let m = c - t. Calculate the remainder when 59 is divided by m.
14
Let s(g) = 7*g**2 - 4 - g - g + 7*g**3 - 4*g**3. Let l be s(-6). What is the remainder when l/(-16) + 2/(-8) is divided by 14?
10
Suppose -3*x + 44 = a - 69, -3*a + 4*x = -365. Suppose -2216*m + 2210*m + 144 = 0. What is the remainder when a is divided by m?
23
Let m(n) = n**3 + 8*n**2 + 7*n + 10. Suppose -5*u + 4*t = -6*u + 5, 0 = -2*u + t - 17. Calculate the remainder when 29 is divided by m(u).
9
Suppose 0 = -21*q + 221 + 535. Calculate the remainder when q is divided by 27.
9
Let h be (-1)/(5/(-50)*-2). Calculate the remainder when 33 is divided by 8/20 - 83/h.
16
Let a = -52 + 131. Let q = 120 - a. Calculate the remainder when q is divided by 15.
11
Suppose -4*p + 5*k = -120, -p - 9 = -2*p - 4*k. Suppose 31 = 5*a - 19. Calculate the remainder when p is divided by a.
5
Let t(h) = h**2 - 12*h - 7. Suppose 0*y - 39 = -3*y. Let k be t(y). Calculate the remainder when 21 is divided by (-4)/k*(-165)/10.
10
Suppose 0 = 2*b + 9 - 45. Suppose 0 = 2*i + 2*l - 114, 3*i - 5*i + 86 = -5*l. Calculate the remainder when i is divided by b.
17
Suppose 5*p - 4*g - 650 = 0, -p + 3*g = -g - 146. Suppose 5*r - 426 = -p. What is the remainder when r is divided by 22?
16
Let x = -369 - -521. Suppose 4*i - x = -36. Let o = 0 - -8. What is the remainder when i is divided by o?
5
Let m be (-4 - -2) + 3 + 1 + -73. Let b = 83 + m. Calculate the remainder when 34 is divided by b.
10
Let d(a) = 2*a + 8. Let u be d(-7). Calculate the remainder when (-3220)/(-77) - u/33 is divided by 15.
12
Let o(c) = -10*c - 1. Suppose -13*a - 2 = -14*a. Calculate the remainder when o(-5) is divided by a*(-4 + 63/6).
10
Let t be (5 - 41)*(-14)/(-4). Let w be 1 - 1 - (t + 2). Suppose 5*y = 2*d - 105 + 31, w = 4*d - 4*y. What is the remainder when d is divided by 10?
7
Let u = 7 - 1. Let m be (-24)/8 + u + 0. Suppose -z + m*h + 2*h = -15, 2*h = 0. What is the remainder when 28 is divided by z?
13
Let q = -27 - -49. Suppose q*m - 240 = 17*m. Calculate the remainder when m is divided by 19.
10
Calculate the remainder when 124 is divided by 30/180 + (-1)/6*-83.
12
Let r = 46 + -127. Let o = r + 108. Calculate the remainder when o is divided by 11.
5
Suppose 0 = 39*j - 47*j + 72. Suppose -50 = -2*o - g - g, -3*g + 27 = o. Suppose 0*a + o = a. Calculate the remainder when a is divided by j.
6
Let q = -4 - -51. Suppose -h + 4*x + 1 = -23, 5*h = -8*x + 36. Calculate the remainder when q is divided by h.
11
Let o(p) = -3*p**2 + 55*p - 3. What is the remainder when 68 is divided by o(18)?
8
Let y = 20 + -9. Let s = -15 + 1. What is the remainder when (-288)/s + 6/14 is divided by y?
10
Suppose -u + 0*u - 16 = 0. Let j = u - -19. Calculate the remainder when 13 is divided by j.
1
Calculate the remainder when 42 is divided by 10 - (-6 + 4 - -3).
6
Suppose -13*y + 12*y = -17. Suppose -4*r + y + 35 = 0. Calculate the remainder when 61 is divided by r.
9
Let q(c) = -c + 1. Let i be q(-12). Let r = -16 + i. What is the remainder when ((-5)/(-2) + r)*-38 is divided by 5?
4
Suppose 2*o = b + 6, 0*b - 10 = -b - 2*o. Suppose 0 = 3*h - 5*h + 10. What is the remainder when 1/1 - b - -19 is divided by h?
3
Suppose -3 = -4*n + 1. Calculate the remainder when 90 is divided by -4*(92/(-16))/n.
21
Let s be (-18)/(-117) + 739/13. Suppose -4*z + s = 1. Calculate the remainder when 65 is divided by z.
9
Let a(j) = -j**3 - 19*j**2 - 23*j - 35. Let q be (-472)/26 - (-6 + 532/91). Calculate the remainder when a(q) is divided by 10.
5
Let d(n) = n**3 - 2*n**2 + 4*n - 2. Suppose -528 = 54*l - 87*l. Calculate the remainder when d(4) is divided by l.
14
Let c(w) = 5*w + 6. Let h be c(-2). Let l(o) = -3*o - 1. What is the remainder when 32 is divided by l(h)?
10
Let j(t) = 29*t**2 + 55*t + 325. Calculate the remainder when j(-5) is divided by 97.
96
Suppose 0 = -5*o - 2*r + 163, -7*o + 3*o + 128 = 4*r. Calculate the remainder when o is divided by 22.
11
Suppose 7*n = 3*n - 3*h + 27, 4*n - 3*h = 45. Let x = 23 + 20. What is the remainder when x is divided by n?
7
Let y(h) = 76*h + 273. Calculate the remainder when y(0) is divided by 91.
0
Suppose 7*p - 709 = -51. Suppose -p*o + 91*o + 39 = 0. What is the remainder when 102 is divided by o?
11
Let t(c) = -c - 1. Let l(w) = 12*w + 6. Let j(r) = -l(r) - 4*t(r). What is the remainder when j(-5) is divided by 13?
12
Suppose -6*l - 224 = -2*l. Let d = l + 76. Calculate the remainder when (-1)/(1 + 156/(-154)) is divided by d.
17
Suppose -6*b - 852 + 870 = 0. Let d be (-2)/6 + 10/3. Suppose 25 = d*m + y, 2*m - 1 = b*m + 5*y. Calculate the remainder when 44 is divided by m.
8
Calculate the remainder when 2036*(4 + 105/(-28)) is divided by 10.
9
Let q = 786 + -531. What is the remainder when q is divided by 20?
15
What is the remainder when -1 + 165/9 + 4/(-12) is divided by 8?
1
Suppose 3*j = -2*r + 81 + 10, 0 = 2*j - 4*r - 34. Calculate the remainder when 375 is divided by j.
24
What is the remainder when 102 is divided by (-11)/11 + 294/7?
20
Let w(l) = l**3 - 27*l